*y + 5*l - 522. Let p = -98 - -151. Let m = -26 + p. What is the remainder when y is divided by m?
25
Let n = -104 + 104. Suppose n = s + 4*u - 118, -532 = -3*s - s - u. Calculate the remainder when s is divided by 34.
32
Calculate the remainder when 208 is divided by 2/(-11) + (-148)/(-66)*9.
8
Suppose -111*a = -4*y - 108*a + 1687, -3*y = -5*a - 1279. Calculate the remainder when y is divided by 42.
40
Suppose 0*g - 432 = -2*g. Suppose 0 = 6*a - 2*a - g. Suppose -3*r + 4*r - 37 = -2*z, 59 = 4*z - 3*r. What is the remainder when a is divided by z?
3
Let d(l) = 2*l**2 + 9*l + 10. Calculate the remainder when 64133/118 + (-54)/12 is divided by d(-7).
44
Let b(o) = 131*o + 4083. What is the remainder when b(-30) is divided by 8?
1
Suppose 4*k + 2*a - 161 - 69 = 0, 3*k = -4*a + 180. What is the remainder when k is divided by (125/15)/((-45)/(-81))?
11
Let i = 414 - 384. Suppose i*q = 53*q - 1978. What is the remainder when 251 is divided by q?
79
Let a(l) = -40*l - 5. Let n(x) = -40*x - 4. Let f(u) = 6*a(u) - 5*n(u). Let m be f(-3). Suppose -4*p = -58 - m. What is the remainder when 82 is divided by p?
40
Let t(b) = b**3 + 9*b**2 - 33*b - 95. What is the remainder when 816 is divided by t(-8)?
117
What is the remainder when (-33261)/(-36) - (-10 + 119/12) is divided by 58?
54
Calculate the remainder when 11893/5 - (-6)/180*12 is divided by 149.
144
Suppose -19667 = -76*d + 2373. Calculate the remainder when d is divided by 136.
18
What is the remainder when 118 is divided by 2/(-4)*8372/(-182)?
3
Suppose -2*n = 3*v - 267 + 89, -v - 3*n = -64. Let r = -19 + v. Suppose 2*w - 5*m = 5*w - 477, -12 = -4*m. Calculate the remainder when w is divided by r.
37
Suppose -5*k = -2*k + 5*g - 4133, -5*k + 6885 = 5*g. Suppose k - 249 = 23*j. Calculate the remainder when j is divided by 9.
4
Let b(q) = -q**2 + 35*q - 121. Calculate the remainder when 574 is divided by b(22).
79
Suppose 60 = -4*n + 80. Suppose 0 = 3*u - 55 + 4. Suppose -n*l = u - 127. What is the remainder when l is divided by 12?
10
Let l(k) be the third derivative of -k**5/60 - 47*k**4/24 + 43*k**3/6 - 286*k**2. Calculate the remainder when 48 is divided by l(0).
5
Let f = -862 - -928. What is the remainder when 483 is divided by f?
21
Let l = 27158 - 25862. Calculate the remainder when 3908 is divided by l.
20
Suppose 0 = 13*l - 11*l + 12. Let p be 301 + (1 - 4 - l). Suppose 8*x - 4*x - p = 0. Calculate the remainder when x is divided by 17.
8
Suppose 2355 = 8*g + 7*g. Let i be 508/5 + (-4)/(-10). Let j = g - i. What is the remainder when j is divided by 19?
17
What is the remainder when 9414/9 + (-11 + -2 - -5) is divided by 104?
102
Let o(m) = -6*m**3 - 30*m**2 - 10*m + 23. Calculate the remainder when o(-7) is divided by 31.
30
Let r = -31967 + 32148. Suppose 5*b = -0*g + g + 120, 5*b = 2*g + 125. What is the remainder when r is divided by b?
20
Suppose 75043*o - 75054*o = -264. Calculate the remainder when 2727 is divided by o.
15
Let c = 10 + -4. Suppose c - 5 = k. Suppose 8*b + 0 = 8. Calculate the remainder when b is divided by k.
0
Let u be (-3)/(6*(-3)/84). Let a(s) = -u + 31*s - 39*s + s**2 + 0*s**2. Calculate the remainder when 52 is divided by a(11).
14
Let s = 8607 + -8563. Calculate the remainder when 171 is divided by s.
39
Let r = 3524 - 3279. What is the remainder when r is divided by 8?
5
Let j(c) = -c**2 + c - 1. Let y(v) = -7*v**2 + 16*v - 5. Let t(r) = 6*j(r) - y(r). Calculate the remainder when ((2/2)/(-2))/(47/(-8366)) is divided by t(12).
20
Let i be 0 + -1 + -3 + 10. Let b(f) = -i*f + 4 + 1 - f**2 - 1 - 2*f. Calculate the remainder when 117 is divided by b(-4).
17
Suppose 71 = 4*z - 77. Suppose 36*b + 2*s = z*b - 29, 2*b + 3*s - 58 = 0. Let f = 39 - 24. Calculate the remainder when b is divided by f.
14
Let k = -154 - -159. Suppose 0 = -k*y + 25, -98 = -3*a - 6*y + 8*y. What is the remainder when 57 is divided by a?
21
Let j be 22*((-21)/6 - -4). Suppose 4*i + 35 = 5*m, m - i = j - 4. Suppose 2*p = 7 + m. What is the remainder when 48 is divided by p?
6
Let x = -141 - -147. What is the remainder when 77 is divided by (-51)/(-6) - 2 - (-9)/x?
5
Let l = -22901 - -23216. What is the remainder when l is divided by 36?
27
Let l(t) = 2*t**2 + 46*t + 44. Let c be l(-22). Suppose -z = -13*x + 9*x + 29, c = -z + 3. What is the remainder when x is divided by 2?
0
Let d = 67 + 6. Suppose -40*j + 76*j - 13068 = 0. What is the remainder when j is divided by d?
71
Let a = -96 + 135. Calculate the remainder when 2/(-64)*2 - 306405/(-2640) is divided by a.
38
Suppose 2*x - 596 = 4*x. Let j = -230 - x. Calculate the remainder when 542 is divided by j.
66
Suppose 41035*d = 41038*d - 5505. What is the remainder when d is divided by 4?
3
Suppose -226 = 24*j - 706. Suppose 0 = -43*g + j*g + 690. What is the remainder when 146 is divided by g?
26
Suppose 20 = 6*w - 3*w + b, -2*w + 17 = -3*b. Suppose 22 = w*g - 6. Suppose -8*r = -g*r - 260. What is the remainder when r is divided by 33?
32
Suppose -2*u + 5*h + 41 = -55, 2*h - 82 = -2*u. Let s = 50 - u. Let v(q) = 3*q + 16. What is the remainder when v(s) is divided by 14?
9
Suppose 348 = 35*z - 570 + 253. What is the remainder when 151 is divided by z?
18
Suppose 3*u + 2*x = 920 + 2470, -u = -x - 1140. What is the remainder when u is divided by 34?
12
Let n = -22 - -43. Calculate the remainder when (-1)/((4 + -5)/1) + 369 + -288 is divided by n.
19
Let q be 6/30 - 3488/(-10). Suppose -4*i + q = 13. Let r(t) = -t**3 + 11*t**2 + 29*t + 5. Calculate the remainder when i is divided by r(-3).
40
Suppose -4*i + 4*y = 9*y - 338, 4*y = -i + 90. Suppose 12 = 2*g + i. Let o = 67 + g. Calculate the remainder when o is divided by 18.
14
Let i = 98 - 44. Suppose 4*u = -2*h + i, h - 3*u = -u + 47. Calculate the remainder when 145 is divided by h.
34
Suppose o + 17 = 6*o - 3. What is the remainder when (0 - 14)*(-12)/8 is divided by o?
1
Suppose 8*h - 9*h + 660 = 0. Suppose -4*s - 4*o + h = 0, -7*o + 9*o = 5*s - 790. What is the remainder when s is divided by 18?
16
Suppose -5*h = -10, 5*i - 24 = 12*h - 14*h. Calculate the remainder when i + 57 + 0 + -2*2 is divided by 29.
28
Let a = 11529 + -11014. Calculate the remainder when a is divided by 169.
8
Suppose 3*g - m + 5 = g, -5 = 4*g - m. Suppose g*s = -4*s + 60. Suppose 5*i - 3*p = 23, -4*i + 3*p - 13 = -32. Calculate the remainder when s is divided by i.
3
Calculate the remainder when 1556 is divided by (1/(-2) - 2340/24)*-2.
184
Suppose -3*m + 176 = -4*y, -3*y - 3099 + 2824 = -5*m. Let p = -12 - -159. Calculate the remainder when p is divided by m.
43
Suppose -233 = -5*s - 3*t, -3*t + 96 = 2*s + t. Suppose 130 = 7*w + s. Calculate the remainder when 200 is divided by w.
8
Let l = 487 - 421. Calculate the remainder when 137 is divided by (138/(-10))/(l/(-110)).
22
Suppose -5*l = 210 + 140. What is the remainder when 686 is divided by (-128)/(-3) - l/210?
41
Let i be (-4)/10 + (-5)/(125/(-85)). Suppose -4*s - i*n + 53 = 0, s - 3*s + 3*n + 31 = 0. What is the remainder when -1*(-11)/(11/36) is divided by s?
8
Suppose 4*o - 9*o = -150. Let z(f) = f**3 + 8*f**2 - 6*f - 18. What is the remainder when z(-5) is divided by o?
27
Suppose 5*d - 174 = -4*n, -2*n + 4*d = 19 - 41. Let h(f) = 2*f**2 - 5*f - 1. Calculate the remainder when n is divided by h(4).
9
Suppose 23 + 21 = i. Let h(c) = c**3 - 19*c**2 + 4*c - 22. Let o be h(19). Suppose o = 3*x + 3*x. What is the remainder when i is divided by x?
8
Suppose -16 = -2*r, 0 = 4*b - 5*r - 162 - 562. What is the remainder when 8208 is divided by b?
186
Let i = 203 - 38. Let l = -159 + i. Calculate the remainder when 41 is divided by l.
5
Let s be (-14)/(-63) + 25*2/18. Suppose -2*c - 379 = -s*x, -69 = -x - 2*c + 44. Suppose -3*n = x - 174. Calculate the remainder when 67 is divided by n.
16
Suppose -23*n + 2438 = -6118. What is the remainder when n is divided by 63?
57
Let o be 7/((-14)/4) + -1. Let g(p) = -p**3 + 3*p**2 + 2*p - 2. Let h = -1431 - -1455. Calculate the remainder when g(o) is divided by h.
22
Suppose 0 = -2*o - 45 + 205. Let j be -3 + 0 + 2 - -61. Let n = o - j. Calculate the remainder when n is divided by 8.
4
Suppose -1009*u = -1013*u + f + 1402, -2*u = 5*f - 668. Calculate the remainder when u is divided by 26.
11
Suppose -130*v + 595*v - 117627